on factor of 294 and 6027.
147
What is the greatest common divisor of 1640 and 16?
8
Calculate the highest common divisor of 82 and 1394.
82
What is the greatest common factor of 288 and 10304?
32
What is the highest common factor of 265 and 742?
53
Calculate the highest common divisor of 304 and 114.
38
Calculate the greatest common divisor of 20 and 4660.
20
What is the highest common divisor of 703 and 19?
19
What is the greatest common factor of 117 and 270?
9
What is the highest common factor of 195 and 81?
3
What is the greatest common divisor of 1159 and 305?
61
Calculate the highest common divisor of 2 and 214.
2
What is the greatest common factor of 530 and 30?
10
What is the greatest common factor of 6 and 750?
6
Calculate the greatest common factor of 32 and 160.
32
What is the highest common factor of 25506 and 234?
234
What is the highest common divisor of 220 and 5210?
10
Calculate the highest common factor of 6 and 834.
6
What is the highest common factor of 93 and 155?
31
What is the greatest common divisor of 116 and 9773?
29
Calculate the highest common divisor of 300 and 60.
60
Calculate the highest common divisor of 40 and 180.
20
Calculate the highest common divisor of 28 and 126.
14
What is the greatest common divisor of 748 and 44?
44
What is the greatest common factor of 22 and 42086?
22
What is the greatest common factor of 2494 and 58?
58
Calculate the highest common divisor of 264 and 6468.
132
Calculate the highest common factor of 22 and 25102.
22
What is the highest common factor of 816 and 48?
48
Calculate the greatest common divisor of 637 and 98.
49
What is the greatest common factor of 8 and 84?
4
Calculate the greatest common divisor of 32 and 3104.
32
What is the highest common divisor of 255 and 795?
15
What is the greatest common factor of 17 and 459?
17
Calculate the greatest common factor of 86 and 86.
86
What is the highest common factor of 14 and 98?
14
What is the greatest common factor of 2288 and 264?
88
Calculate the highest common factor of 552 and 207.
69
Calculate the highest common divisor of 161 and 9545.
23
What is the greatest common factor of 184 and 2?
2
Calculate the highest common divisor of 13 and 23933.
13
What is the highest common divisor of 630 and 378?
126
Calculate the greatest common factor of 5311 and 47.
47
What is the greatest common divisor of 18 and 900?
18
What is the greatest common factor of 154 and 88?
22
What is the highest common factor of 10 and 5?
5
What is the highest common divisor of 70 and 56?
14
Calculate the highest common factor of 30 and 40.
10
Calculate the greatest common factor of 7372 and 152.
76
Calculate the highest common factor of 1072 and 67.
67
What is the greatest common divisor of 195 and 2535?
195
Calculate the greatest common factor of 1020 and 420.
60
Calculate the greatest common factor of 936 and 456.
24
What is the greatest common factor of 26 and 533?
13
What is the greatest common factor of 276 and 840?
12
Calculate the highest common divisor of 39 and 481.
13
What is the highest common divisor of 198 and 162?
18
What is the greatest common factor of 86 and 14663?
43
Calculate the highest common divisor of 4368 and 14.
14
Calculate the highest common factor of 9284 and 88.
44
Calculate the greatest common factor of 31347 and 54.
27
Calculate the highest common factor of 1273 and 67.
67
What is the greatest common divisor of 650 and 100?
50
Calculate the greatest common factor of 111 and 37.
37
Calculate the greatest common divisor of 207 and 18.
9
What is the greatest common divisor of 4563 and 845?
169
What is the highest common factor of 529 and 23?
23
Calculate the highest common divisor of 42192 and 144.
144
Calculate the highest common factor of 7 and 1225.
7
What is the greatest common factor of 44 and 11?
11
What is the highest common divisor of 43784 and 104?
104
Calculate the greatest common factor of 96 and 912.
48
Calculate the highest common factor of 71148 and 33.
33
Calculate the highest common divisor of 46 and 7682.
46
Calculate the highest common factor of 9 and 87.
3
What is the highest common divisor of 175 and 20?
5
What is the highest common divisor of 94 and 1128?
94
What is the highest common factor of 18 and 47214?
18
Calculate the highest common divisor of 3629 and 19.
19
What is the highest common factor of 1450 and 250?
50
Calculate the greatest common divisor of 82 and 1189.
41
What is the highest common factor of 368 and 2116?
92
What is the highest common factor of 477 and 9?
9
Calculate the highest common factor of 32 and 48.
16
Calculate the greatest common divisor of 81 and 108.
27
Calculate the greatest common factor of 2296 and 1260.
28
What is the greatest common divisor of 2152 and 16?
8
What is the greatest common divisor of 378 and 70?
14
What is the highest common divisor of 1095 and 30?
15
Calculate the highest common factor of 7 and 3437.
7
Calculate the highest common divisor of 5930 and 40.
10
What is the highest common factor of 153 and 63?
9
Calculate the highest common factor of 118 and 177.
59
Calculate the greatest common divisor of 38 and 646.
38
What is the greatest common factor of 4209 and 621?
69
Calculate the greatest common divisor of 126 and 189.
63
Calculate the highest common factor of 59 and 18467.
59
Calculate the highest common divisor of 45 and 288.
9
What is the greatest common divisor of 161 and 437?
23
Calculate the highest common divisor of 34 and 18.
2
Calculate the highest common factor of 20 and 5.
5
What is the greatest common factor of 65 and 143?
13
Calculate the highest common factor of 51 and 1479.
51
What is the highest common factor of 431 and 2?
1
Calculate the greatest common factor of 485 and 873.
97
Calculate the highest common divisor of 75280 and 20.
20
What is the greatest common divisor of 376 and 16?
8
What is the greatest common factor of 78 and 351?
39
Calculate the highest common factor of 648 and 81.
81
Calculate the highest common factor of 3 and 327.
3
What is the highest common factor of 4216 and 1240?
248
What is the highest common divisor of 520 and 7680?
40
What is the highest common factor of 61 and 13?
1
Calculate the highest common factor of 2 and 42.
2
What is the greatest common divisor of 6630 and 34?
34
What is the greatest common factor of 34 and 9979?
17
What is the greatest common factor of 799 and 17?
17
What is the highest common factor of 16469 and 215?
43
Calculate the greatest common divisor of 156 and 4524.
156
What is the greatest common divisor of 1485 and 1755?
135
Calculate the greatest common factor of 51 and 867.
51
What is the greatest common factor of 60 and 2350?
10
Calculate the greatest common divisor of 5 and 95.
5
What is the greatest common factor of 91 and 3016?
13
What is the highest common divisor of 1 and 5?
1
Calculate the greatest common divisor of 3822 and 9114.
294
What is the greatest common divisor of 32 and 224?
32
What is the highest common divisor of 130 and 325?
65
What is the highest common factor of 14 and 5362?
14
Calculate the greatest common divisor of 15 and 15.
15
Calculate the highest common factor of 102 and 1014.
6
Calculate the greatest common factor of 2704 and 221.
13
What is the highest common factor of 14 and 1144?
2
What is the highest common factor of 121 and 165?
11
What is the highest common factor of 15 and 295?
5
What is the highest common factor of 48 and 690?
6
What is the greatest common factor of 276 and 2300?
92
Calculate the greatest common divisor of 16 and 7616.
16
Calculate the greatest common divisor of 423 and 188.
47
Calculate the highest common factor of 42 and 534.
6
What is the greatest common divisor of 5016 and 1320?
264
Calculate the highest common divisor of 5400 and 200.
200
Calculate the highest common divisor of 4 and 92.
4
What is the highest common factor of 30 and 400?
10
What is the greatest common factor of 10128 and 48?
48
What is the highest common divisor of 5 and 1070?
5
Calculate the highest common factor of 84 and 1302.
42
Calculate the greatest common factor of 40 and 900.
20
Calculate the greatest common factor of 8775 and 27.
27
What is the highest common divisor of 55 and 5203?
11
Calculate the greatest common factor of 980 and 1040.
20
Wha